{"id":31,"date":"2015-02-19T14:17:07","date_gmt":"2015-02-19T13:17:07","guid":{"rendered":"http:\/\/britz-catering.de\/?page_id=31"},"modified":"2021-09-17T15:37:11","modified_gmt":"2021-09-17T13:37:11","slug":"franzoesisches-buffet","status":"publish","type":"page","link":"https:\/\/britz-catering.de\/?page_id=31","title":{"rendered":"franz\u00f6sisches Buffet"},"content":{"rendered":"\n<p class=\"has-background\" style=\"background-color:#96296c\"><\/p>\n\n\n\n<div class=\"wp-block-columns is-layout-flex wp-container-core-columns-is-layout-9d6595d7 wp-block-columns-is-layout-flex\">\n<div class=\"wp-block-column is-layout-flow wp-block-column-is-layout-flow\" style=\"flex-basis:33.33%\">\n<figure class=\"wp-block-image size-full\"><a href=\"https:\/\/britz-catering.de\/wp-content\/uploads\/2021\/09\/menupics-large-franz.jpg\"><img loading=\"lazy\" decoding=\"async\" width=\"1000\" height=\"1000\" src=\"https:\/\/britz-catering.de\/wp-content\/uploads\/2021\/09\/menupics-large-franz.jpg\" alt=\"\" class=\"wp-image-176\" srcset=\"https:\/\/britz-catering.de\/wp-content\/uploads\/2021\/09\/menupics-large-franz.jpg 1000w, https:\/\/britz-catering.de\/wp-content\/uploads\/2021\/09\/menupics-large-franz-300x300.jpg 300w, https:\/\/britz-catering.de\/wp-content\/uploads\/2021\/09\/menupics-large-franz-150x150.jpg 150w, https:\/\/britz-catering.de\/wp-content\/uploads\/2021\/09\/menupics-large-franz-768x768.jpg 768w, https:\/\/britz-catering.de\/wp-content\/uploads\/2021\/09\/menupics-large-franz-230x230.jpg 230w, https:\/\/britz-catering.de\/wp-content\/uploads\/2021\/09\/menupics-large-franz-330x330.jpg 330w\" sizes=\"auto, (max-width: 1000px) 100vw, 1000px\" \/><\/a><\/figure>\n\n\n\n<p class=\"has-text-color font-size-20\">Mein<br><img decoding=\"async\" src=\"wp-content\/uploads\/2021\/09\/words-franz.png\" alt=\"franzoesisches\"><br>BUFFET<\/p><hr>\n<\/div>\n\n\n\n<div class=\"wp-block-column is-layout-flow wp-block-column-is-layout-flow\" style=\"flex-basis:66.66%\">\n<div class=\"franzlilie\">\n<p><img decoding=\"async\" src=\"wp-content\/uploads\/2021\/09\/words-frankophil.png\" alt=\"frankophile Leidenschaft\"><\/p>\n<ul class=\"listicon\"><li class=\"font-size-20\">Ofenfrische Quiche Lorraine<br><\/li><li class=\"font-size-20\">Praline von der Entenleber mit Banjulsjus<br><\/li><li class=\"font-size-20\">Cr\u00e8me Br\u00fbl\u00e9e vom Ziegenfrischk\u00e4se mit Feigenchutney<br><\/li><li class=\"font-size-20\">Saumon &#8222;belle vue&#8220; mit Cocktailsauce<br><\/li><li class=\"font-size-20\">Provencalischer Gem\u00fcsesalat mit marinierten Flusskrebsen<br><\/li><li class=\"font-size-20\">Spargelmousse mit hausgebeiztem Wildlachs<br><\/li><li class=\"font-size-20\">Bouillabaisse mit Rouille, Aioli und Knoblauchbagette<\/li><\/ul>\n<p class=\"has-text-color font-size-20\" style=\"color:#96296c\">Boeuf Bourguignon mit feinen Butternudeln<\/p>\n<p><img decoding=\"async\" src=\"wp-content\/uploads\/2021\/09\/words-oder.png\" alt=\"oder\"><\/p>\n<p class=\"has-text-color font-size-20\" style=\"color:#96296c\">Supr\u00eame vom Schwarzfederhuhn mit Gratin Dauphinois und frischem Marktgem\u00fcse<\/p>\n<p class=\"has-text-color font-size-20\" style=\"color:#96296c\">Auf der Haut gebratenes Zanderfilet auf Champagnerkraut und Pommerysenfsauce<\/p>\n<\/div>\n<\/div>\n<\/div>\n\n\n\n<p class=\"has-background\" style=\"background-color:#96296c\"><\/p>\n\n\n\n<p><\/p>\n","protected":false},"excerpt":{"rendered":"<p>MeinBUFFET Ofenfrische Quiche Lorraine Praline von der Entenleber mit Banjulsjus Cr\u00e8me Br\u00fbl\u00e9e vom Ziegenfrischk\u00e4se mit Feigenchutney Saumon &#8222;belle vue&#8220; mit Cocktailsauce Provencalischer Gem\u00fcsesalat mit marinierten Flusskrebsen Spargelmousse mit hausgebeiztem Wildlachs Bouillabaisse mit Rouille, Aioli und Knoblauchbagette Boeuf Bourguignon mit feinen<a class=\"more-link\" href=\"https:\/\/britz-catering.de\/?page_id=31\" title=\"franz\u00f6sisches Buffet\"><span>Read more<\/span><\/a><\/p>\n","protected":false},"author":1,"featured_media":0,"parent":0,"menu_order":0,"comment_status":"closed","ping_status":"closed","template":"","meta":{"footnotes":""},"class_list":["post-31","page","type-page","status-publish","hentry"],"_links":{"self":[{"href":"https:\/\/britz-catering.de\/index.php?rest_route=\/wp\/v2\/pages\/31","targetHints":{"allow":["GET"]}}],"collection":[{"href":"https:\/\/britz-catering.de\/index.php?rest_route=\/wp\/v2\/pages"}],"about":[{"href":"https:\/\/britz-catering.de\/index.php?rest_route=\/wp\/v2\/types\/page"}],"author":[{"embeddable":true,"href":"https:\/\/britz-catering.de\/index.php?rest_route=\/wp\/v2\/users\/1"}],"replies":[{"embeddable":true,"href":"https:\/\/britz-catering.de\/index.php?rest_route=%2Fwp%2Fv2%2Fcomments&post=31"}],"version-history":[{"count":24,"href":"https:\/\/britz-catering.de\/index.php?rest_route=\/wp\/v2\/pages\/31\/revisions"}],"predecessor-version":[{"id":239,"href":"https:\/\/britz-catering.de\/index.php?rest_route=\/wp\/v2\/pages\/31\/revisions\/239"}],"wp:attachment":[{"href":"https:\/\/britz-catering.de\/index.php?rest_route=%2Fwp%2Fv2%2Fmedia&parent=31"}],"curies":[{"name":"wp","href":"https:\/\/api.w.org\/{rel}","templated":true}]}}